{"id":12866,"date":"2026-02-16T11:27:05","date_gmt":"2026-02-16T10:27:05","guid":{"rendered":"https:\/\/www.petervasara.hu\/2013\/?page_id=12866"},"modified":"2026-02-16T11:27:06","modified_gmt":"2026-02-16T10:27:06","slug":"eszak-hevesi-teruleti-kulonbsegek-merseklese-komplex-szolgaltatasfejlesztessel","status":"publish","type":"page","link":"https:\/\/www.petervasara.hu\/2013\/?page_id=12866","title":{"rendered":"\u00c9szak-hevesi ter\u00fcleti k\u00fcl\u00f6nbs\u00e9gek m\u00e9rs\u00e9kl\u00e9se komplex szolg\u00e1ltat\u00e1sfejleszt\u00e9ssel"},"content":{"rendered":"<div class=\"wp-block-image\">\n<figure class=\"alignright size-full\"><a href=\"https:\/\/www.petervasara.hu\/2013\/wp-content\/uploads\/2026\/02\/infoblokk_kedv_final_felso_cmyk_ESZA-1.jpg\"><img loading=\"lazy\" decoding=\"async\" width=\"433\" height=\"300\" src=\"https:\/\/www.petervasara.hu\/2013\/wp-content\/uploads\/2026\/02\/infoblokk_kedv_final_felso_cmyk_ESZA-1.jpg\" alt=\"\" class=\"wp-image-12867\" srcset=\"https:\/\/www.petervasara.hu\/2013\/wp-content\/uploads\/2026\/02\/infoblokk_kedv_final_felso_cmyk_ESZA-1.jpg 433w, https:\/\/www.petervasara.hu\/2013\/wp-content\/uploads\/2026\/02\/infoblokk_kedv_final_felso_cmyk_ESZA-1-300x208.jpg 300w, https:\/\/www.petervasara.hu\/2013\/wp-content\/uploads\/2026\/02\/infoblokk_kedv_final_felso_cmyk_ESZA-1-380x263.jpg 380w\" sizes=\"(max-width: 433px) 100vw, 433px\" \/><\/a><\/figure><\/div>\n\n\n<h2 class=\"wp-block-heading\" id=\"a-projektrol\"><a href=\"https:\/\/web.archive.org\/web\/20220210010305\/http:\/\/www.petervasara.hu\/efop\/hello-vilag\/\">A projektr\u0151l<\/a><\/h2>\n\n\n\n<p>Hum\u00e1n szolg\u00e1ltat\u00e1sok fejleszt\u00e9s\u00e9ben m\u0171k\u00f6dik egy\u00fctt Erd\u0151k\u00f6vesd, Fed\u00e9mes, Iv\u00e1d, Kisf\u00fczes, P\u00e9terv\u00e1s\u00e1ra, Szentdomonkos, Tarnalelesz \u00e9s V\u00e1rasz\u00f3 telep\u00fcl\u00e9si \u00f6nkorm\u00e1nyzatai \u00e1ltal alkotott konzorcium. Tarnalelesz K\u00f6zs\u00e9gi \u00d6nkorm\u00e1nyzat konzorciumot hozott l\u00e9tre Erd\u0151k\u00f6vesd K\u00f6zs\u00e9gi \u00d6nkorm\u00e1nyzat, Fed\u00e9mes K\u00f6zs\u00e9gi \u00d6nkorm\u00e1nyzat, Iv\u00e1d K\u00f6zs\u00e9gi \u00d6nkorm\u00e1nyzat, Kisf\u00fczes K\u00f6zs\u00e9gi \u00d6nkorm\u00e1nyzat, P\u00e9terv\u00e1s\u00e1ra V\u00e1rosi \u00d6nkorm\u00e1nyzat, Szentdomonkos K\u00f6zs\u00e9gi \u00d6nkorm\u00e1nyzat, V\u00e1rasz\u00f3 K\u00f6zs\u00e9gi \u00d6nkorm\u00e1nyzata r\u00e9szv\u00e9tel\u00e9vel.<br>Az egy\u00fcttm\u0171k\u00f6d\u0151 partnerek a 245,81 milli\u00f3 Ft vissza nem t\u00e9r\u00edtend\u0151 t\u00e1mogat\u00e1st egy k\u00e9t \u00e9vig tart\u00f3 projektre ford\u00edtj\u00e1k, melynek keret\u00e9ben megval\u00f3sul\u00f3 programelemek, alkalmazkodva a kit\u0171z\u00f6tt c\u00e9lrendszerhez, sokr\u00e9t\u0171 t\u00e1rsadalmi probl\u00e9ma megold\u00e1s\u00e1ra tesznek k\u00eds\u00e9rletet.<br>A projekt alapvet\u0151 c\u00e9lja a hum\u00e1n k\u00f6zszolg\u00e1ltat\u00e1sok min\u0151s\u00e9gi fejleszt\u00e9se, az azokhoz val\u00f3 egyenl\u0151 es\u00e9ly\u0171 hozz\u00e1f\u00e9r\u00e9s jav\u00edt\u00e1sa. A hum\u00e1n k\u00f6zszolg\u00e1ltat\u00e1sok hozz\u00e1f\u00e9r\u00e9s\u00e9nek jav\u00edt\u00e1sa els\u0151sorban a konzorciumban<br>r\u00e9sztvev\u0151 telep\u00fcl\u00e9sek ig\u00e9nyeinek figyelembe v\u00e9tel\u00e9vel t\u00f6rt\u00e9nik.<br>A projekt tov\u00e1bbi c\u00e9lja a konzorcium telep\u00fcl\u00e9sein \u00e9l\u0151 h\u00e1tr\u00e1nyos helyzet\u0171 lakoss\u00e1g foglalkoztathat\u00f3s\u00e1gra val\u00f3 felk\u00e9sz\u00edt\u00e9se, kompetenci\u00e1juk fejleszt\u00e9se, mentor\u00e1l\u00e1sa, nyomon k\u00f6vet\u00e9se a k\u00e9pz\u00e9sekt\u0151l eg\u00e9szen a<br>foglalkoztat\u00e1sig. Ehhez kapcsol\u00f3d\u00f3an c\u00e9l a munkaad\u00f3i oldal elfogad\u00f3 magatart\u00e1s\u00e1nak az er\u0151s\u00edt\u00e9se is.<\/p>\n\n\n\n<p>Az id\u0151s \u00e9s a fiatal lakoss\u00e1g helyben marad\u00e1s\u00e1nak z\u00e1loga a helyi civil szervezetek \u00e9s helyi kisk\u00f6z\u00f6ss\u00e9gek t\u00e1rsadalom-szervez\u0151 szerep\u00e9nek meger\u0151s\u00edt\u00e9se. C\u00e9l teh\u00e1t ezen szervezetek bevon\u00e1sa az egyes programelemekbe, illetve kimondottan a sz\u00e1mukra tervezett programok megval\u00f3s\u00edt\u00e1sa, mellyel er\u0151s\u00edthetj\u00fck \u0151ket. A roma lakoss\u00e1g sz\u00e1moss\u00e1g\u00e1ra tekintettel c\u00e9lunk a nemzetis\u00e9gek k\u00f6z\u00f6tti p\u00e1rbesz\u00e9d jav\u00edt\u00e1sa, melyet az elt\u00e9r\u0151 kult\u00far\u00e1k bemutatkoz\u00e1s\u00e1t c\u00e9lz\u00f3 rendezv\u00e9nyekkel, helyi hagyom\u00e1nyokra \u00e9p\u00edt\u0151 programelemekkel k\u00edv\u00e1nunk el\u00e9rni.<\/p>\n\n\n\n<p><strong>A projekt k\u00f3dja: EFOP-1.5.3-16-2017-00088<\/strong><br>A projekt c\u00edme: \u00c9szak-hevesi ter\u00fcleti k\u00fcl\u00f6nbs\u00e9gek m\u00e9rs\u00e9kl\u00e9se komplex szolg\u00e1ltat\u00e1sfejleszt\u00e9ssel<br>A t\u00e1mogat\u00e1s \u00f6sszege: 245 813 759 Ft<\/p>\n\n\n\n<p>Tov\u00e1bbi inform\u00e1ci\u00f3 k\u00e9rhet\u0151:<br>Mik\u00f3 \u00c1kos Zolt\u00e1n, projektmenedzser<br>El\u00e9rhet\u0151s\u00e9g: miko.akos@hevesmegye-tfu.hu<\/p>\n\n\n\n<p><a href=\"https:\/\/www.petervasara.hu\/2013\/wp-content\/uploads\/2026\/02\/felhivas_0429.pdf\">https:\/\/www.petervasara.hu\/2013\/wp-content\/uploads\/2026\/02\/felhivas_0429.pdf<\/a><br><a href=\"https:\/\/www.petervasara.hu\/2013\/wp-content\/uploads\/2026\/02\/felhivas_0506.pdf\">https:\/\/www.petervasara.hu\/2013\/wp-content\/uploads\/2026\/02\/felhivas_0506.pdf<\/a><br><a href=\"https:\/\/www.petervasara.hu\/2013\/wp-content\/uploads\/2026\/02\/kd_elso_masodik.pdf\">https:\/\/www.petervasara.hu\/2013\/wp-content\/uploads\/2026\/02\/kd_elso_masodik.pdf<\/a><br><a href=\"https:\/\/www.petervasara.hu\/2013\/wp-content\/uploads\/2026\/02\/gazdasagi_szereplok.pdf\">https:\/\/www.petervasara.hu\/2013\/wp-content\/uploads\/2026\/02\/gazdasagi_szereplok.pdf<\/a><br><a href=\"https:\/\/www.petervasara.hu\/2013\/wp-content\/uploads\/2026\/02\/gazd_szereplok_0411.pdf\">https:\/\/www.petervasara.hu\/2013\/wp-content\/uploads\/2026\/02\/gazd_szereplok_0411.pdf<\/a><br><a href=\"https:\/\/www.petervasara.hu\/2013\/wp-content\/uploads\/2026\/02\/kd_harmadik_vegleges_tarnalelesz.pdf\">https:\/\/www.petervasara.hu\/2013\/wp-content\/uploads\/2026\/02\/kd_harmadik_vegleges_tarnalelesz.pdf<\/a><br><a href=\"https:\/\/www.petervasara.hu\/2013\/wp-content\/uploads\/2026\/02\/kd_elso_masodik_tarnalelesz.pdf\">https:\/\/www.petervasara.hu\/2013\/wp-content\/uploads\/2026\/02\/kd_elso_masodik_tarnalelesz.pdf<\/a><br><a href=\"https:\/\/www.petervasara.hu\/2013\/wp-content\/uploads\/2026\/02\/kd_harom_ar1.pdf\">https:\/\/www.petervasara.hu\/2013\/wp-content\/uploads\/2026\/02\/kd_harom_ar1.pdf<\/a><br><a href=\"https:\/\/www.petervasara.hu\/2013\/wp-content\/uploads\/2026\/02\/kd_harom_ar.pdf\">https:\/\/www.petervasara.hu\/2013\/wp-content\/uploads\/2026\/02\/kd_harom_ar.pdf<\/a><br><a href=\"https:\/\/www.petervasara.hu\/2013\/wp-content\/uploads\/2026\/02\/kd_harom.pdf\">https:\/\/www.petervasara.hu\/2013\/wp-content\/uploads\/2026\/02\/kd_harom.pdf<\/a><br><a href=\"https:\/\/www.petervasara.hu\/2013\/wp-content\/uploads\/2026\/02\/kd_harom_kepzes.pdf\">https:\/\/www.petervasara.hu\/2013\/wp-content\/uploads\/2026\/02\/kd_harom_kepzes.pdf<\/a><br><a href=\"https:\/\/www.petervasara.hu\/2013\/wp-content\/uploads\/2026\/02\/kd_harom_szakmai.pdf\">https:\/\/www.petervasara.hu\/2013\/wp-content\/uploads\/2026\/02\/kd_harom_szakmai.pdf<\/a><br><a href=\"https:\/\/www.petervasara.hu\/2013\/wp-content\/uploads\/2026\/02\/kd_negy.pdf\">https:\/\/www.petervasara.hu\/2013\/wp-content\/uploads\/2026\/02\/kd_negy.pdf<\/a><br><a href=\"https:\/\/www.petervasara.hu\/2013\/wp-content\/uploads\/2026\/02\/kd_ot.pdf\">https:\/\/www.petervasara.hu\/2013\/wp-content\/uploads\/2026\/02\/kd_ot.pdf<\/a><br><a href=\"https:\/\/www.petervasara.hu\/2013\/wp-content\/uploads\/2026\/02\/kd_ot_aprilis.pdf\">https:\/\/www.petervasara.hu\/2013\/wp-content\/uploads\/2026\/02\/kd_ot_aprilis.pdf<\/a><br><a href=\"https:\/\/www.petervasara.hu\/2013\/wp-content\/uploads\/2026\/02\/kd_negy_megbizasi_aprilis.pdf\">https:\/\/www.petervasara.hu\/2013\/wp-content\/uploads\/2026\/02\/kd_negy_megbizasi_aprilis.pdf<\/a><br><a href=\"https:\/\/www.petervasara.hu\/2013\/wp-content\/uploads\/2026\/02\/osszefoglalo_tajekoztato_0411.pdf\">https:\/\/www.petervasara.hu\/2013\/wp-content\/uploads\/2026\/02\/osszefoglalo_tajekoztato_0411.pdf<\/a><br><a href=\"https:\/\/www.petervasara.hu\/2013\/wp-content\/uploads\/2026\/02\/kh_tajekoztatas.pdf\">https:\/\/www.petervasara.hu\/2013\/wp-content\/uploads\/2026\/02\/kh_tajekoztatas.pdf<\/a><br><a href=\"https:\/\/www.petervasara.hu\/2013\/wp-content\/uploads\/2026\/02\/osszefoglalo-tajekoztato_kepzes_0330.pdf\">https:\/\/www.petervasara.hu\/2013\/wp-content\/uploads\/2026\/02\/osszefoglalo-tajekoztato_kepzes_0330.pdf<\/a><\/p>\n","protected":false},"excerpt":{"rendered":"A projektr\u0151l Hum\u00e1n szolg\u00e1ltat\u00e1sok fejleszt\u00e9s\u00e9ben m\u0171k\u00f6dik egy\u00fctt Erd\u0151k\u00f6vesd, Fed\u00e9mes, Iv\u00e1d, Kisf\u00fczes, P\u00e9terv\u00e1s\u00e1ra, Szentdomonkos, Tarnalelesz \u00e9s V\u00e1rasz\u00f3 telep\u00fcl\u00e9si \u00f6nkorm\u00e1nyzatai&hellip;\n","protected":false},"author":13,"featured_media":0,"parent":0,"menu_order":0,"comment_status":"closed","ping_status":"closed","template":"","meta":{"footnotes":""},"_links":{"self":[{"href":"https:\/\/www.petervasara.hu\/2013\/index.php?rest_route=\/wp\/v2\/pages\/12866"}],"collection":[{"href":"https:\/\/www.petervasara.hu\/2013\/index.php?rest_route=\/wp\/v2\/pages"}],"about":[{"href":"https:\/\/www.petervasara.hu\/2013\/index.php?rest_route=\/wp\/v2\/types\/page"}],"author":[{"embeddable":true,"href":"https:\/\/www.petervasara.hu\/2013\/index.php?rest_route=\/wp\/v2\/users\/13"}],"replies":[{"embeddable":true,"href":"https:\/\/www.petervasara.hu\/2013\/index.php?rest_route=%2Fwp%2Fv2%2Fcomments&post=12866"}],"version-history":[{"count":1,"href":"https:\/\/www.petervasara.hu\/2013\/index.php?rest_route=\/wp\/v2\/pages\/12866\/revisions"}],"predecessor-version":[{"id":12868,"href":"https:\/\/www.petervasara.hu\/2013\/index.php?rest_route=\/wp\/v2\/pages\/12866\/revisions\/12868"}],"wp:attachment":[{"href":"https:\/\/www.petervasara.hu\/2013\/index.php?rest_route=%2Fwp%2Fv2%2Fmedia&parent=12866"}],"curies":[{"name":"wp","href":"https:\/\/api.w.org\/{rel}","templated":true}]}}